
What is the highest common divisor of 4660 and 4418612?
932
Calculate the greatest common divisor of 83120 and 301232.
16
What is the greatest common factor of 913807 and 131029?
283
Calculate the greatest common divisor of 96 and 6944096.
32
Calculate the greatest common divisor of 458568 and 621.
27
Calculate the highest common factor of 1859 and 38925601.
1859
What is the highest common factor of 44 and 19662420?
4
What is the highest common factor of 10763896 and 3783?
1261
What is the highest common factor of 4137 and 483168?
21
What is the greatest common factor of 150117 and 16599?
33
What is the highest common factor of 31 and 310581?
1
What is the highest common divisor of 7634 and 2012028491?
3817
Calculate the greatest common factor of 2848 and 52747808.
2848
Calculate the greatest common factor of 36412500 and 120.
60
Calculate the highest common factor of 62 and 893823806.
62
What is the highest common divisor of 8107914 and 1230?
246
What is the highest common divisor of 24758751 and 1?
1
Calculate the greatest common factor of 103526908 and 1262.
1262
Calculate the greatest common factor of 302 and 10598.
2
Calculate the highest common divisor of 5753 and 59884.
11
Calculate the highest common divisor of 103407157 and 55076.
1967
Calculate the highest common divisor of 429548 and 868.
28
What is the highest common factor of 1481810 and 220?
110
Calculate the highest common divisor of 1 and 201127.
1
Calculate the greatest common factor of 400 and 68021400.
200
What is the highest common factor of 1661 and 72761917?
151
What is the highest common factor of 141 and 18283141?
47
What is the highest common factor of 176 and 1655859216?
176
What is the greatest common divisor of 58850690 and 50?
10
What is the greatest common divisor of 28650 and 1054800?
150
Calculate the greatest common factor of 31699195 and 4840.
55
What is the highest common factor of 9175087 and 17?
17
Calculate the greatest common divisor of 15010 and 37745410.
790
Calculate the highest common factor of 87766 and 13359239.
6269
What is the greatest common factor of 50521125 and 60?
15
Calculate the highest common divisor of 35540311 and 10072.
1259
Calculate the greatest common divisor of 70956 and 2920.
292
What is the highest common factor of 546827019 and 71?
71
What is the highest common factor of 18081 and 29259?
9
What is the highest common divisor of 2546374569 and 177?
177
Calculate the greatest common divisor of 167651 and 1958.
11
What is the greatest common divisor of 309 and 273483128?
103
Calculate the greatest common factor of 107200 and 83461900.
6700
Calculate the greatest common divisor of 1498950 and 254700.
450
Calculate the greatest common divisor of 114 and 1136579772.
114
Calculate the greatest common divisor of 32 and 29017292.
4
What is the greatest common factor of 1141725306 and 2098?
2098
Calculate the highest common factor of 384027060 and 60.
60
What is the highest common factor of 2172500 and 72127?
869
What is the highest common factor of 254548 and 728?
28
Calculate the highest common divisor of 61620081 and 22131.
7377
Calculate the greatest common divisor of 357517230 and 1470.
1470
What is the highest common factor of 72 and 17977140?
36
Calculate the greatest common factor of 656 and 60188984.
328
What is the highest common divisor of 19020547 and 819?
91
Calculate the highest common factor of 421640 and 20082680.
3320
Calculate the highest common divisor of 56 and 42089488.
56
Calculate the highest common divisor of 33431436 and 108.
36
What is the highest common divisor of 6901 and 425718?
67
Calculate the greatest common factor of 22688512 and 1672.
88
Calculate the greatest common divisor of 5 and 10334165.
5
What is the greatest common divisor of 54883 and 5112?
71
Calculate the highest common divisor of 18296 and 289495321.
2287
What is the highest common divisor of 148 and 8261804?
148
What is the greatest common factor of 1435260 and 9120?
1140
What is the highest common divisor of 95127 and 4753779?
2571
What is the greatest common factor of 24 and 60031596?
12
What is the highest common factor of 10220283 and 45?
9
Calculate the greatest common factor of 12754630 and 70.
70
Calculate the greatest common divisor of 117328 and 2896.
16
Calculate the highest common divisor of 3830 and 181888615.
1915
Calculate the highest common divisor of 40685976 and 468.
36
What is the greatest common divisor of 3716 and 1856142?
1858
What is the highest common divisor of 1049372 and 47128?
172
Calculate the greatest common divisor of 152 and 931965656.
152
What is the highest common divisor of 2137026 and 48?
6
Calculate the highest common factor of 54550 and 50170.
10
What is the highest common factor of 3445 and 24290907?
53
What is the highest common factor of 1242 and 20702736?
54
Calculate the greatest common factor of 100175103 and 567.
189
Calculate the greatest common factor of 53490 and 38130.
30
Calculate the greatest common divisor of 1619193 and 5595.
1119
What is the greatest common factor of 1252 and 4688?
4
What is the greatest common factor of 1216855 and 1615?
95
Calculate the highest common divisor of 263671 and 53100.
59
Calculate the highest common divisor of 172975 and 9392075.
4675
What is the highest common factor of 20 and 30008140?
20
What is the highest common divisor of 1248 and 6852690?
78
What is the greatest common divisor of 774 and 47445426?
774
What is the highest common divisor of 70 and 27965590?
10
What is the greatest common divisor of 263203 and 99072?
43
Calculate the greatest common divisor of 2176146 and 4522.
266
What is the highest common divisor of 29 and 107817795?
29
What is the greatest common factor of 237289254 and 8106?
1158
Calculate the highest common factor of 4880940 and 22170.
30
Calculate the greatest common divisor of 16524 and 25569.
27
What is the highest common factor of 37591465 and 615?
205
What is the greatest common divisor of 43 and 40324927?
43
Calculate the highest common factor of 816012 and 1741780.
4772
Calculate the highest common factor of 3409909 and 1687.
241
Calculate the greatest common factor of 42275 and 129295.
95
What is the highest common factor of 140 and 3323632340?
140
What is the highest common factor of 50193 and 69150510?
3861
What is the highest common divisor of 18 and 288948294?
18
What is the greatest common factor of 1484 and 55451515?
371
Calculate the highest common divisor of 9566120 and 27016.
2456
What is the highest common divisor of 11 and 185519?
1
What is the highest common factor of 58020528 and 3616?
1808
Calculate the highest common divisor of 47619 and 511632.
99
Calculate the highest common factor of 1897920 and 1185.
15
What is the highest common divisor of 9 and 139574781?
9
Calculate the highest common divisor of 173629530 and 45.
45
What is the greatest common factor of 326 and 3665218?
326
What is the greatest common divisor of 4341284 and 148?
148
Calculate the highest common divisor of 507778 and 314260.
1654
What is the highest common divisor of 1080 and 2653209?
27
Calculate the highest common factor of 13956722 and 104.
26
Calculate the highest common divisor of 43848 and 3019464.
1512
What is the highest common divisor of 8613 and 196823?
319
Calculate the highest common divisor of 219146079 and 222.
111
Calculate the greatest common divisor of 471555 and 2373.
21
What is the greatest common divisor of 168504190 and 1090?
1090
Calculate the greatest common divisor of 21 and 18326217.
21
Calculate the greatest common divisor of 199475 and 2454925.
1975
What is the highest common divisor of 130858101 and 13772?
3443
What is the highest common divisor of 286031115 and 5310?
2655
What is the highest common factor of 61880599 and 88?
11
Calculate the highest common factor of 821435 and 18245.
205
Calculate the highest common factor of 2290 and 1195780.
10
What is the highest common factor of 5013024 and 2149572?
7932
What is the greatest common divisor of 76912 and 3253028?
1748
Calculate the greatest common divisor of 912 and 222186.
114
What is the highest common factor of 99 and 85238373?
33
Calculate the highest common divisor of 440 and 905641.
11
What is the highest common factor of 28 and 257241320?
28
Calcu